 of v?
1
Let y = -5007 - -25152. What is the ten thousands digit of y?
2
Let s(y) = 7*y + 3. Let t be s(2). Suppose t*l - 12*l = 190. Let q = 47 + l. What is the tens digit of q?
8
Let j be 4/16 - 710/(-8). Let r = 3311 - 3339. Let a = r + j. What is the tens digit of a?
6
Let b = 20976 + -13291. What is the units digit of b?
5
Let g be (-6)/(-9) + (-2)/3. Let l be (-3)/(-1 - 3/6). What is the units digit of 6 - -62 - (l + g + 1)?
5
Let u = -2010 + 6273. What is the tens digit of u?
6
Let l = -391 + 1218. Let s = 1174 - l. What is the units digit of s?
7
Suppose -149 = 4*o - 3*t, -131 = o + 3*o + 3*t. What is the hundreds digit of 20/o + (-7540)/(-14)?
5
Let v(k) = 3 + 28*k - 15*k - 18*k. Let y be v(0). Suppose j = y*j - 304. What is the units digit of j?
2
Suppose 3*c + 12988 = 2*k, -2*c = -k + 3*c + 6480. What is the hundreds digit of k?
5
Let q(v) = 10*v**2 + 14*v + 5. Suppose -5*m + 3*w = 4*w + 20, -20 = 5*m - 2*w. What is the hundreds digit of q(m)?
1
Suppose -4*q - 367 = -5*d, 3*d - 210 + 29 = 2*q. Let v = q + 194. What is the tens digit of v?
9
Let m(r) be the second derivative of -r**5/20 + 11*r**4/12 + r**3/6 + 3*r**2/2 + 3*r. Let k be m(8). Let l = k + -99. What is the tens digit of l?
0
Let s(z) = 4*z**2 + 153*z**3 - 1 - 61*z**3 - 2*z**2. What is the tens digit of s(1)?
9
Let o = 134 - -236. Suppose 3*m = b - 636, -b - m + 270 = -o. What is the tens digit of b?
3
Suppose 94*d + 43*d - 1375297 - 638603 = 0. What is the thousands digit of d?
4
Suppose -2*a - 200 = -y, 220 = -13*y + 14*y + 3*a. What is the hundreds digit of y?
2
Suppose -3*m = -w + 6 - 2, 0 = 3*w - 3*m. Let j be (18/(-10) - w) + (-119)/(-5). Suppose -8*x - j + 528 = 0. What is the tens digit of x?
6
Let j be (-26)/((-2)/(-5 - -1)). What is the units digit of (1 - j/6)/((-1)/(-9))?
7
Suppose -2*l - 105 = -4*l - 3*u, -3*u = -5*l + 315. What is the hundreds digit of ((-596)/(-8))/(10/l)?
4
Suppose 0 = 7*x - 13549 - 13471. What is the thousands digit of x?
3
What is the units digit of (1548/(-24) - 0)*200/(-15)?
0
Let h be (-324)/(-15) - (-1)/((-10)/6). Let v be (-10)/(-4)*(-54)/(-45) + h. What is the units digit of 3*(v/(-54))/((-4)/354)?
8
Let h(z) = -z + 9. Let l be h(8). Let t be (l + (-83 - 3))*(-3 + 7). Let q = t + 545. What is the hundreds digit of q?
2
Let z(g) = -g**3 + 8*g**2 + 2*g - 5. Let x be z(4). Let s = 83 - x. Suppose s*y - 1276 = 5*y. What is the hundreds digit of y?
1
Suppose h = 4*n + 10568, -2*n + 10562 = -34*h + 35*h. What is the units digit of h?
4
Let r(b) = -b**2 - 13*b - 18. Let p be r(-12). What is the tens digit of (2 + 54/(-4))/(p/252)?
8
What is the thousands digit of -2 + 1 + (-8137)/((-4 - -3) + 0)?
8
Let o(v) = 67*v - 85*v - v**3 + 13*v**2 + 18 - 6. What is the units digit of o(9)?
4
Let v(t) = 107*t + 6. Let f(u) = -110*u - 6. Let r(c) = 5*f(c) + 6*v(c). Let x = 2 - 0. What is the tens digit of r(x)?
9
Let b be 8*(35/(-10) + 1). Let m be ((-16)/6)/(b/30). Suppose 3*s - 210 = -m*s. What is the units digit of s?
0
What is the ten thousands digit of ((-37)/111)/(14/(-643674)) - 8/14?
1
What is the units digit of 14 - (-453915)/54 - 5/6?
9
Let z(p) = -p**3 + 9*p**2 + 9*p + 14. Let q(h) = -3*h - 52. Let k(c) = 2*c + 26. Let b(r) = -5*k(r) - 2*q(r). Let w be b(-9). What is the units digit of z(w)?
4
Let l(b) = 28975*b**2 + 64*b + 65. What is the thousands digit of l(-1)?
8
Let o(m) = 1066*m + 6. Let c be o(1). Suppose 0 = -4*p + q + 4223, -p + 8*q - 11*q + c = 0. What is the tens digit of p?
5
Let p = -497 - -8146. What is the tens digit of p?
4
Suppose -31*j - 225 = -1000. What is the tens digit of (-10)/j + (-78144)/(-60)?
0
Let t(c) = -11*c**2 - 24*c - 15. Let g(m) = -5*m**2 - 12*m - 9. Let d(x) = -9*g(x) + 4*t(x). What is the units digit of d(-12)?
1
Let i = 89 + -73. What is the thousands digit of (11144/i)/(2/4)?
1
What is the thousands digit of (-30)/195 + 335/65 + 11688?
1
Let z = -18173 + 34057. What is the hundreds digit of z?
8
Let v = 406 - 402. Suppose 5*f + 630 = -v*g + 6*g, g = -2*f + 306. What is the units digit of g?
0
Suppose 0 = 2*g + 5*s - 97728, 4*g - 114122 = -6*s + 81366. What is the tens digit of g?
8
Suppose 0 = -27*t + 168327 + 34119. What is the hundreds digit of t?
4
What is the units digit of ((-1)/(-4) - 67950/(-200))/2*217?
0
Suppose -2*y - 4*f + 96798 = 0, 42*y - 38*y - 2*f = 193566. What is the units digit of y?
3
Suppose 143500 = -2530*x + 2550*x. What is the tens digit of x?
7
Let g(r) = 19*r**3 - 25*r**2 + 115*r - 298. What is the ten thousands digit of g(14)?
4
What is the hundreds digit of (8 + 5 + -12)*(-35)/5 + 8780?
7
Suppose 0 = 2*y - 4*r - r - 30, 3*y = -2*r + 7. Suppose 0 = -3*j + 4*g - y*g + 681, j + g - 229 = 0. What is the hundreds digit of (-1)/(-1) + j + -3?
2
Let w = -118913 + 170253. What is the hundreds digit of w?
3
Suppose -657 = -13*z - 5662. Suppose -g + 545 = x, -x - 4*x = -4*g - 2743. Let q = x + z. What is the tens digit of q?
6
Let a(d) be the third derivative of -13*d**4/24 - 7*d**3/3 + 7*d**2. Suppose 27 = -34*r - 381. What is the hundreds digit of a(r)?
1
Let t(j) = 2*j**2 - 4*j + 54. Let l be t(-8). Let y = -45 + l. What is the units digit of y?
9
Suppose 33*g + 59*g = 341228. What is the tens digit of g?
0
Let u(q) = 12 - 8 - 14*q - 2 + 10*q**2. Let j be u(7). Let r = j - 274. What is the units digit of r?
0
Let i be 1 + -3 + 1 + 2. Let u be i - -2 - 1 - -2. What is the units digit of 0 + (22 - (u + -2))?
0
Suppose 2*i + 3*i - 24653 = 13342. What is the units digit of i?
9
Let g(z) = -9*z + 158. Let c be g(17). Suppose 2*a + 5*j - 2581 = 8*j, 6500 = c*a + 2*j. What is the hundreds digit of a?
2
Let z(y) = 710*y**2 + 50*y + 61. What is the units digit of z(5)?
1
Let x = 157 - 105. Let p = x + -90. Let y = 53 - p. What is the tens digit of y?
9
Let a(f) = 184*f**2 - 12*f - 61. What is the hundreds digit of a(-6)?
6
Let d(j) = 2*j**2 - 9*j + 33. Let k be d(3). What is the units digit of ((-1)/(k/(-1278)))/(9/204)?
7
Suppose -547*k + 15570464 = -26241178 - 1392606. What is the units digit of k?
4
What is the hundreds digit of (-72 - -73)*(34921/2 - (-6)/4)?
4
Let d be (29 + 1)*14/(-35). Let j(g) = -13*g + 17. What is the units digit of j(d)?
3
Suppose -y + 81147 = 5*q, 17*y = 19*y - 4. What is the units digit of q?
9
Let q = 65 - 161. Let t = q + 136. What is the tens digit of ((-60)/16)/((-3)/t)?
5
Let y(s) = 22*s**2 - 83*s + 115. What is the tens digit of y(17)?
6
Let b = 503 + -499. Suppose 5*p + b*s = 3574, 5*s + 2888 - 751 = 3*p. What is the hundreds digit of p?
7
Suppose -5*d = -2*z - 233, 302 = -5*z + 2*d - 291. Suppose 211 = -j - 0*j. Let l = z - j. What is the units digit of l?
2
Let p = -295 + 300. Suppose 5*r - 1899 = 3*l, p*r + 2*l + 1520 = 9*r. What is the tens digit of r?
8
Let b = -44 + -129. Let n = b - -322. What is the hundreds digit of n?
1
Let o = 81 - 74. Suppose 22*d - 450 = o*d. What is the units digit of d?
0
Let l(w) = 4*w - 96. Let c be l(25). What is the tens digit of ((-1)/(-3))/(c/3564)?
9
Let o(j) = 5 + 16*j - 2*j - 12. Let v be o(2). Suppose 0 = l - v - 8. What is the tens digit of l?
2
Let y(l) = 2 + 10*l**3 + 12*l**3 + 2*l**3 - 3*l. Let h be y(1). Suppose 2*g - 243 = -h. What is the tens digit of g?
1
Let t be (7362/15 + 0)/((-2)/(-160)). Suppose -t = -24*x + 18*x. What is the hundreds digit of ((-3)/(-9))/(x/1308 + -5)?
1
Suppose 26*g + 9 = 23*g, 3*g - 20775 = -3*z. What is the hundreds digit of z?
9
Let t = -1841 - -733. Let n = t + 2012. What is the hundreds digit of n?
9
Let l(m) = m**2 - 8*m - 5. Let k = 15 - 11. Suppose -q = 3*v + 4 - 2, -q - 2*v = k. What is the hundreds digit of l(q)?
1
Suppose -3*u = -10*w - 13488, -33*u + 4*w = -36*u + 13404. What is the units digit of u?
6
Let b = 49 + -45. Let q be (-12)/(-30)*130/b. Suppose 0 = -q*w + 9*w + 64. What is the units digit of w?
6
Let x = -134 - -78. Let m = 55 + x. Let h = m - -84. What is the units digit of h?
3
Let v be (1 + -11)*(-7)/14. Suppose v*z - 1024 = -2*i, 5*z = z + 16. What is the units digit of i?
2
Let l = 1094 - -8955. Suppose 20*v + l = 33*v. What is the units digit of v?
3
Suppose -2*u + u = 2*x + 21, -3*x = -5*u + 64. Let v(n) be the first derivative of -n**4/4 - 10*n**3/3 + 27*n**2/2 + 3*n + 268. What is the tens digit of v(x)?
5
Suppose 0 = -326*u + 327*u - 13. What is 